{"id":6144,"date":"2025-11-29T18:39:22","date_gmt":"2025-11-29T23:39:22","guid":{"rendered":"https:\/\/www.synthec.com\/peru\/?post_type=product&#038;p=6144"},"modified":"2026-03-09T14:18:10","modified_gmt":"2026-03-09T19:18:10","slug":"xiameter-pmx-200-silicone-fluid-5-20-cst","status":"publish","type":"product","link":"https:\/\/www.synthec.com\/peru\/producto\/xiameter-pmx-200-silicone-fluid-5-20-cst\/","title":{"rendered":"XIAMETER\u2122 PMX-200 Silicone Fluid, 5-20 cSt"},"content":{"rendered":"<p>Xiameter PMX-200 es un fluido de polisiloxanos con alta resistencia diel\u00e9ctrica y acci\u00f3n amortiguadora. El fluido de silicona tambi\u00e9n es resistente a productos qu\u00edmicos y al agua, lo que lo hace ideal para una variedad de aplicaciones industriales. Disponible en diferentes viscosidades de 5-500 CS y en diferentes tama\u00f1os de envases, incluyendo tambores y cubetas.<\/p>\n","protected":false},"excerpt":{"rendered":"<p>Xiameter PMX-200 es un fluido de polisiloxanos con alta resistencia diel\u00e9ctrica y acci\u00f3n amortiguadora. El fluido de silicona tambi\u00e9n es resistente a productos qu\u00edmicos y al agua, lo que lo hace ideal para una variedad de aplicaciones industriales. Disponible en diferentes viscosidades de 5-500 CS y en diferentes tama\u00f1os de envases, incluyendo tambores y cubetas.<\/p>\n","protected":false},"featured_media":8353,"comment_status":"open","ping_status":"closed","template":"","meta":{"_acf_changed":false},"product_brand":[],"product_cat":[30,33],"product_tag":[],"product_line":[],"brand":[97],"class_list":{"0":"post-6144","1":"product","2":"type-product","3":"status-publish","4":"has-post-thumbnail","6":"product_cat-lubricacion","7":"product_cat-lubricantes-de-alto-desempeno","8":"brand-dow","10":"first","11":"instock","12":"shipping-taxable","13":"product-type-simple"},"acf":[],"yoast_head":"<!-- This site is optimized with the Yoast SEO plugin v27.0 - https:\/\/yoast.com\/product\/yoast-seo-wordpress\/ -->\n<title>XIAMETER\u2122 PMX-200 Silicone Fluid, 5-20 cSt - Synthec.com<\/title>\n<meta name=\"robots\" content=\"index, follow, max-snippet:-1, max-image-preview:large, max-video-preview:-1\" \/>\n<link rel=\"canonical\" href=\"https:\/\/www.synthec.com\/peru\/producto\/xiameter-pmx-200-silicone-fluid-5-20-cst\/\" \/>\n<meta property=\"og:locale\" content=\"es_ES\" \/>\n<meta property=\"og:type\" content=\"article\" \/>\n<meta property=\"og:title\" content=\"XIAMETER\u2122 PMX-200 Silicone Fluid, 5-20 cSt - Synthec.com\" \/>\n<meta property=\"og:description\" content=\"Xiameter PMX-200 es un fluido de polisiloxanos con alta resistencia diel\u00e9ctrica y acci\u00f3n amortiguadora. El fluido de silicona tambi\u00e9n es resistente a productos qu\u00edmicos y al agua, lo que lo hace ideal para una variedad de aplicaciones industriales. Disponible en diferentes viscosidades de 5-500 CS y en diferentes tama\u00f1os de envases, incluyendo tambores y cubetas.\" \/>\n<meta property=\"og:url\" content=\"https:\/\/www.synthec.com\/peru\/producto\/xiameter-pmx-200-silicone-fluid-5-20-cst\/\" \/>\n<meta property=\"og:site_name\" content=\"Synthec.com\" \/>\n<meta property=\"article:modified_time\" content=\"2026-03-09T19:18:10+00:00\" \/>\n<meta property=\"og:image\" content=\"https:\/\/www.synthec.com\/peru\/wp-content\/uploads\/2025\/11\/XIAMETER\u2122-PMX-200-Silicone-Fluid_sinfondo.png\" \/>\n\t<meta property=\"og:image:width\" content=\"1098\" \/>\n\t<meta property=\"og:image:height\" content=\"1172\" \/>\n\t<meta property=\"og:image:type\" content=\"image\/png\" \/>\n<meta name=\"twitter:card\" content=\"summary_large_image\" \/>\n<meta name=\"twitter:label1\" content=\"Est. reading time\" \/>\n\t<meta name=\"twitter:data1\" content=\"1 minuto\" \/>\n<script type=\"application\/ld+json\" class=\"yoast-schema-graph\">{\"@context\":\"https:\/\/schema.org\",\"@graph\":[{\"@type\":\"WebPage\",\"@id\":\"https:\/\/www.synthec.com\/peru\/producto\/xiameter-pmx-200-silicone-fluid-5-20-cst\/\",\"url\":\"https:\/\/www.synthec.com\/peru\/producto\/xiameter-pmx-200-silicone-fluid-5-20-cst\/\",\"name\":\"XIAMETER\u2122 PMX-200 Silicone Fluid, 5-20 cSt - Synthec.com\",\"isPartOf\":{\"@id\":\"https:\/\/www.synthec.com\/peru\/#website\"},\"primaryImageOfPage\":{\"@id\":\"https:\/\/www.synthec.com\/peru\/producto\/xiameter-pmx-200-silicone-fluid-5-20-cst\/#primaryimage\"},\"image\":{\"@id\":\"https:\/\/www.synthec.com\/peru\/producto\/xiameter-pmx-200-silicone-fluid-5-20-cst\/#primaryimage\"},\"thumbnailUrl\":\"https:\/\/www.synthec.com\/peru\/wp-content\/uploads\/2025\/11\/XIAMETER\u2122-PMX-200-Silicone-Fluid_sinfondo.png\",\"datePublished\":\"2025-11-29T23:39:22+00:00\",\"dateModified\":\"2026-03-09T19:18:10+00:00\",\"breadcrumb\":{\"@id\":\"https:\/\/www.synthec.com\/peru\/producto\/xiameter-pmx-200-silicone-fluid-5-20-cst\/#breadcrumb\"},\"inLanguage\":\"es-PE\",\"potentialAction\":[{\"@type\":\"ReadAction\",\"target\":[\"https:\/\/www.synthec.com\/peru\/producto\/xiameter-pmx-200-silicone-fluid-5-20-cst\/\"]}]},{\"@type\":\"ImageObject\",\"inLanguage\":\"es-PE\",\"@id\":\"https:\/\/www.synthec.com\/peru\/producto\/xiameter-pmx-200-silicone-fluid-5-20-cst\/#primaryimage\",\"url\":\"https:\/\/www.synthec.com\/peru\/wp-content\/uploads\/2025\/11\/XIAMETER\u2122-PMX-200-Silicone-Fluid_sinfondo.png\",\"contentUrl\":\"https:\/\/www.synthec.com\/peru\/wp-content\/uploads\/2025\/11\/XIAMETER\u2122-PMX-200-Silicone-Fluid_sinfondo.png\",\"width\":1098,\"height\":1172},{\"@type\":\"BreadcrumbList\",\"@id\":\"https:\/\/www.synthec.com\/peru\/producto\/xiameter-pmx-200-silicone-fluid-5-20-cst\/#breadcrumb\",\"itemListElement\":[{\"@type\":\"ListItem\",\"position\":1,\"name\":\"Home\",\"item\":\"https:\/\/www.synthec.com\/peru\/\"},{\"@type\":\"ListItem\",\"position\":2,\"name\":\"Shop\",\"item\":\"https:\/\/www.synthec.com\/peru\/shop\/\"},{\"@type\":\"ListItem\",\"position\":3,\"name\":\"XIAMETER\u2122 PMX-200 Silicone Fluid, 5-20 cSt\"}]},{\"@type\":\"WebSite\",\"@id\":\"https:\/\/www.synthec.com\/peru\/#website\",\"url\":\"https:\/\/www.synthec.com\/peru\/\",\"name\":\"Synthec.com\",\"description\":\"Contribuimos con soluciones y productos de alta especialidad a la generaci\u00f3n de un futuro sostenible.\",\"potentialAction\":[{\"@type\":\"SearchAction\",\"target\":{\"@type\":\"EntryPoint\",\"urlTemplate\":\"https:\/\/www.synthec.com\/peru\/?s={search_term_string}\"},\"query-input\":{\"@type\":\"PropertyValueSpecification\",\"valueRequired\":true,\"valueName\":\"search_term_string\"}}],\"inLanguage\":\"es-PE\"}]}<\/script>\n<!-- \/ Yoast SEO plugin. -->","yoast_head_json":{"title":"XIAMETER\u2122 PMX-200 Silicone Fluid, 5-20 cSt - Synthec.com","robots":{"index":"index","follow":"follow","max-snippet":"max-snippet:-1","max-image-preview":"max-image-preview:large","max-video-preview":"max-video-preview:-1"},"canonical":"https:\/\/www.synthec.com\/peru\/producto\/xiameter-pmx-200-silicone-fluid-5-20-cst\/","og_locale":"es_ES","og_type":"article","og_title":"XIAMETER\u2122 PMX-200 Silicone Fluid, 5-20 cSt - Synthec.com","og_description":"Xiameter PMX-200 es un fluido de polisiloxanos con alta resistencia diel\u00e9ctrica y acci\u00f3n amortiguadora. El fluido de silicona tambi\u00e9n es resistente a productos qu\u00edmicos y al agua, lo que lo hace ideal para una variedad de aplicaciones industriales. Disponible en diferentes viscosidades de 5-500 CS y en diferentes tama\u00f1os de envases, incluyendo tambores y cubetas.","og_url":"https:\/\/www.synthec.com\/peru\/producto\/xiameter-pmx-200-silicone-fluid-5-20-cst\/","og_site_name":"Synthec.com","article_modified_time":"2026-03-09T19:18:10+00:00","og_image":[{"width":1098,"height":1172,"url":"https:\/\/www.synthec.com\/peru\/wp-content\/uploads\/2025\/11\/XIAMETER\u2122-PMX-200-Silicone-Fluid_sinfondo.png","type":"image\/png"}],"twitter_card":"summary_large_image","twitter_misc":{"Est. reading time":"1 minuto"},"schema":{"@context":"https:\/\/schema.org","@graph":[{"@type":"WebPage","@id":"https:\/\/www.synthec.com\/peru\/producto\/xiameter-pmx-200-silicone-fluid-5-20-cst\/","url":"https:\/\/www.synthec.com\/peru\/producto\/xiameter-pmx-200-silicone-fluid-5-20-cst\/","name":"XIAMETER\u2122 PMX-200 Silicone Fluid, 5-20 cSt - Synthec.com","isPartOf":{"@id":"https:\/\/www.synthec.com\/peru\/#website"},"primaryImageOfPage":{"@id":"https:\/\/www.synthec.com\/peru\/producto\/xiameter-pmx-200-silicone-fluid-5-20-cst\/#primaryimage"},"image":{"@id":"https:\/\/www.synthec.com\/peru\/producto\/xiameter-pmx-200-silicone-fluid-5-20-cst\/#primaryimage"},"thumbnailUrl":"https:\/\/www.synthec.com\/peru\/wp-content\/uploads\/2025\/11\/XIAMETER\u2122-PMX-200-Silicone-Fluid_sinfondo.png","datePublished":"2025-11-29T23:39:22+00:00","dateModified":"2026-03-09T19:18:10+00:00","breadcrumb":{"@id":"https:\/\/www.synthec.com\/peru\/producto\/xiameter-pmx-200-silicone-fluid-5-20-cst\/#breadcrumb"},"inLanguage":"es-PE","potentialAction":[{"@type":"ReadAction","target":["https:\/\/www.synthec.com\/peru\/producto\/xiameter-pmx-200-silicone-fluid-5-20-cst\/"]}]},{"@type":"ImageObject","inLanguage":"es-PE","@id":"https:\/\/www.synthec.com\/peru\/producto\/xiameter-pmx-200-silicone-fluid-5-20-cst\/#primaryimage","url":"https:\/\/www.synthec.com\/peru\/wp-content\/uploads\/2025\/11\/XIAMETER\u2122-PMX-200-Silicone-Fluid_sinfondo.png","contentUrl":"https:\/\/www.synthec.com\/peru\/wp-content\/uploads\/2025\/11\/XIAMETER\u2122-PMX-200-Silicone-Fluid_sinfondo.png","width":1098,"height":1172},{"@type":"BreadcrumbList","@id":"https:\/\/www.synthec.com\/peru\/producto\/xiameter-pmx-200-silicone-fluid-5-20-cst\/#breadcrumb","itemListElement":[{"@type":"ListItem","position":1,"name":"Home","item":"https:\/\/www.synthec.com\/peru\/"},{"@type":"ListItem","position":2,"name":"Shop","item":"https:\/\/www.synthec.com\/peru\/shop\/"},{"@type":"ListItem","position":3,"name":"XIAMETER\u2122 PMX-200 Silicone Fluid, 5-20 cSt"}]},{"@type":"WebSite","@id":"https:\/\/www.synthec.com\/peru\/#website","url":"https:\/\/www.synthec.com\/peru\/","name":"Synthec.com","description":"Contribuimos con soluciones y productos de alta especialidad a la generaci\u00f3n de un futuro sostenible.","potentialAction":[{"@type":"SearchAction","target":{"@type":"EntryPoint","urlTemplate":"https:\/\/www.synthec.com\/peru\/?s={search_term_string}"},"query-input":{"@type":"PropertyValueSpecification","valueRequired":true,"valueName":"search_term_string"}}],"inLanguage":"es-PE"}]}},"_links":{"self":[{"href":"https:\/\/www.synthec.com\/peru\/wp-json\/wp\/v2\/product\/6144","targetHints":{"allow":["GET"]}}],"collection":[{"href":"https:\/\/www.synthec.com\/peru\/wp-json\/wp\/v2\/product"}],"about":[{"href":"https:\/\/www.synthec.com\/peru\/wp-json\/wp\/v2\/types\/product"}],"replies":[{"embeddable":true,"href":"https:\/\/www.synthec.com\/peru\/wp-json\/wp\/v2\/comments?post=6144"}],"wp:featuredmedia":[{"embeddable":true,"href":"https:\/\/www.synthec.com\/peru\/wp-json\/wp\/v2\/media\/8353"}],"wp:attachment":[{"href":"https:\/\/www.synthec.com\/peru\/wp-json\/wp\/v2\/media?parent=6144"}],"wp:term":[{"taxonomy":"product_brand","embeddable":true,"href":"https:\/\/www.synthec.com\/peru\/wp-json\/wp\/v2\/product_brand?post=6144"},{"taxonomy":"product_cat","embeddable":true,"href":"https:\/\/www.synthec.com\/peru\/wp-json\/wp\/v2\/product_cat?post=6144"},{"taxonomy":"product_tag","embeddable":true,"href":"https:\/\/www.synthec.com\/peru\/wp-json\/wp\/v2\/product_tag?post=6144"},{"taxonomy":"product_line","embeddable":true,"href":"https:\/\/www.synthec.com\/peru\/wp-json\/wp\/v2\/product_line?post=6144"},{"taxonomy":"brand","embeddable":true,"href":"https:\/\/www.synthec.com\/peru\/wp-json\/wp\/v2\/brand?post=6144"}],"curies":[{"name":"wp","href":"https:\/\/api.w.org\/{rel}","templated":true}]}}