{"id":5589,"date":"2025-01-29T18:40:28","date_gmt":"2025-01-29T23:40:28","guid":{"rendered":"https:\/\/www.synthec.com\/peru\/producto\/suvinil-fachada-protegida-elastomerica-blanco-nieve-latx3-6-l\/"},"modified":"2026-03-06T09:01:32","modified_gmt":"2026-03-06T14:01:32","slug":"suvinil-fachada-protegida-elastomerica-blanco-nieve-latx3-6-l","status":"publish","type":"product","link":"https:\/\/www.synthec.com\/peru\/producto\/suvinil-fachada-protegida-elastomerica-blanco-nieve-latx3-6-l\/","title":{"rendered":"SUVINIL FACHADA PROTEGIDA ELASTOMERICA"},"content":{"rendered":"<p>\u00abGarantizando una protecci\u00f3n ideal, nuestra pintura l\u00e1tex para paredes exteriores crea una pel\u00edcula el\u00e1stica e impermeable que evita grietas e infiltraciones. La aplicaci\u00f3n es f\u00e1cil y proporciona una pintura impecable en s\u00f3lo unas pocas capas. El producto es muy resistente, dejando el lugar como nuevo por m\u00e1s tiempo y protegiendo su pared de la contaminaci\u00f3n, la lluvia y el sol.<br \/>\nDisponible en:<br \/>\nSUVINIL FACHADA PROTEGIDA ELASTOMERICA BLANCO NIEVE LATX18 LT (PROTECCION TOTAL)<br \/>\nSUVINIL FACHADA PROTEGIDA ELASTOMERICA BLANCO NIEVE LATX3.6 LT (PROTECCION TOTAL)<br \/>\nSUVINIL FACHADA PROTEGIDA ELASTOM\u00c9RICA BASE A2, B2, C2 LATX3.2 LT<br \/>\nContamos con Matizado de Colores con m\u00e1s de 1,700 Opciones<br \/>\nPresentaci\u00f3n en: 3.6 Lt. \/ 18 Lt\u00bb<\/p>\n","protected":false},"excerpt":{"rendered":"<p>\u00abGarantizando una protecci\u00f3n ideal, nuestra pintura l\u00e1tex para paredes exteriores crea una pel\u00edcula el\u00e1stica e impermeable que evita grietas e infiltraciones. La aplicaci\u00f3n es f\u00e1cil y proporciona una pintura impecable en s\u00f3lo unas pocas capas. El producto es muy resistente, dejando el lugar como nuevo por m\u00e1s tiempo y protegiendo su pared de la contaminaci\u00f3n, [&hellip;]<\/p>\n","protected":false},"featured_media":8225,"comment_status":"open","ping_status":"closed","template":"","meta":{"_acf_changed":false},"product_brand":[],"product_cat":[229,40],"product_tag":[],"product_line":[],"brand":[129],"class_list":{"0":"post-5589","1":"product","2":"type-product","3":"status-publish","4":"has-post-thumbnail","6":"product_cat-pintura-para-paredes","7":"product_cat-pinturas-decorativas","8":"brand-suvinil","10":"first","11":"instock","12":"shipping-taxable","13":"product-type-simple"},"acf":[],"yoast_head":"<!-- This site is optimized with the Yoast SEO plugin v27.0 - https:\/\/yoast.com\/product\/yoast-seo-wordpress\/ -->\n<title>SUVINIL FACHADA PROTEGIDA ELASTOMERICA - Synthec.com<\/title>\n<meta name=\"robots\" content=\"index, follow, max-snippet:-1, max-image-preview:large, max-video-preview:-1\" \/>\n<link rel=\"canonical\" href=\"https:\/\/www.synthec.com\/peru\/producto\/suvinil-fachada-protegida-elastomerica-blanco-nieve-latx3-6-l\/\" \/>\n<meta property=\"og:locale\" content=\"es_ES\" \/>\n<meta property=\"og:type\" content=\"article\" \/>\n<meta property=\"og:title\" content=\"SUVINIL FACHADA PROTEGIDA ELASTOMERICA - Synthec.com\" \/>\n<meta property=\"og:description\" content=\"\u00abGarantizando una protecci\u00f3n ideal, nuestra pintura l\u00e1tex para paredes exteriores crea una pel\u00edcula el\u00e1stica e impermeable que evita grietas e infiltraciones. La aplicaci\u00f3n es f\u00e1cil y proporciona una pintura impecable en s\u00f3lo unas pocas capas. El producto es muy resistente, dejando el lugar como nuevo por m\u00e1s tiempo y protegiendo su pared de la contaminaci\u00f3n, [&hellip;]\" \/>\n<meta property=\"og:url\" content=\"https:\/\/www.synthec.com\/peru\/producto\/suvinil-fachada-protegida-elastomerica-blanco-nieve-latx3-6-l\/\" \/>\n<meta property=\"og:site_name\" content=\"Synthec.com\" \/>\n<meta property=\"article:modified_time\" content=\"2026-03-06T14:01:32+00:00\" \/>\n<meta property=\"og:image\" content=\"https:\/\/www.synthec.com\/peru\/wp-content\/uploads\/2025\/01\/FACHADA-EMBORRADA-18L_SUVINIL_2024_sinfondo-2.png\" \/>\n\t<meta property=\"og:image:width\" content=\"829\" \/>\n\t<meta property=\"og:image:height\" content=\"1070\" \/>\n\t<meta property=\"og:image:type\" content=\"image\/png\" \/>\n<meta name=\"twitter:card\" content=\"summary_large_image\" \/>\n<meta name=\"twitter:label1\" content=\"Est. reading time\" \/>\n\t<meta name=\"twitter:data1\" content=\"1 minuto\" \/>\n<script type=\"application\/ld+json\" class=\"yoast-schema-graph\">{\"@context\":\"https:\/\/schema.org\",\"@graph\":[{\"@type\":\"WebPage\",\"@id\":\"https:\/\/www.synthec.com\/peru\/producto\/suvinil-fachada-protegida-elastomerica-blanco-nieve-latx3-6-l\/\",\"url\":\"https:\/\/www.synthec.com\/peru\/producto\/suvinil-fachada-protegida-elastomerica-blanco-nieve-latx3-6-l\/\",\"name\":\"SUVINIL FACHADA PROTEGIDA ELASTOMERICA - Synthec.com\",\"isPartOf\":{\"@id\":\"https:\/\/www.synthec.com\/peru\/#website\"},\"primaryImageOfPage\":{\"@id\":\"https:\/\/www.synthec.com\/peru\/producto\/suvinil-fachada-protegida-elastomerica-blanco-nieve-latx3-6-l\/#primaryimage\"},\"image\":{\"@id\":\"https:\/\/www.synthec.com\/peru\/producto\/suvinil-fachada-protegida-elastomerica-blanco-nieve-latx3-6-l\/#primaryimage\"},\"thumbnailUrl\":\"https:\/\/www.synthec.com\/peru\/wp-content\/uploads\/2025\/01\/FACHADA-EMBORRADA-18L_SUVINIL_2024_sinfondo-2.png\",\"datePublished\":\"2025-01-29T23:40:28+00:00\",\"dateModified\":\"2026-03-06T14:01:32+00:00\",\"breadcrumb\":{\"@id\":\"https:\/\/www.synthec.com\/peru\/producto\/suvinil-fachada-protegida-elastomerica-blanco-nieve-latx3-6-l\/#breadcrumb\"},\"inLanguage\":\"es-PE\",\"potentialAction\":[{\"@type\":\"ReadAction\",\"target\":[\"https:\/\/www.synthec.com\/peru\/producto\/suvinil-fachada-protegida-elastomerica-blanco-nieve-latx3-6-l\/\"]}]},{\"@type\":\"ImageObject\",\"inLanguage\":\"es-PE\",\"@id\":\"https:\/\/www.synthec.com\/peru\/producto\/suvinil-fachada-protegida-elastomerica-blanco-nieve-latx3-6-l\/#primaryimage\",\"url\":\"https:\/\/www.synthec.com\/peru\/wp-content\/uploads\/2025\/01\/FACHADA-EMBORRADA-18L_SUVINIL_2024_sinfondo-2.png\",\"contentUrl\":\"https:\/\/www.synthec.com\/peru\/wp-content\/uploads\/2025\/01\/FACHADA-EMBORRADA-18L_SUVINIL_2024_sinfondo-2.png\",\"width\":829,\"height\":1070},{\"@type\":\"BreadcrumbList\",\"@id\":\"https:\/\/www.synthec.com\/peru\/producto\/suvinil-fachada-protegida-elastomerica-blanco-nieve-latx3-6-l\/#breadcrumb\",\"itemListElement\":[{\"@type\":\"ListItem\",\"position\":1,\"name\":\"Home\",\"item\":\"https:\/\/www.synthec.com\/peru\/\"},{\"@type\":\"ListItem\",\"position\":2,\"name\":\"Shop\",\"item\":\"https:\/\/www.synthec.com\/peru\/shop\/\"},{\"@type\":\"ListItem\",\"position\":3,\"name\":\"SUVINIL FACHADA PROTEGIDA ELASTOMERICA\"}]},{\"@type\":\"WebSite\",\"@id\":\"https:\/\/www.synthec.com\/peru\/#website\",\"url\":\"https:\/\/www.synthec.com\/peru\/\",\"name\":\"Synthec.com\",\"description\":\"Contribuimos con soluciones y productos de alta especialidad a la generaci\u00f3n de un futuro sostenible.\",\"potentialAction\":[{\"@type\":\"SearchAction\",\"target\":{\"@type\":\"EntryPoint\",\"urlTemplate\":\"https:\/\/www.synthec.com\/peru\/?s={search_term_string}\"},\"query-input\":{\"@type\":\"PropertyValueSpecification\",\"valueRequired\":true,\"valueName\":\"search_term_string\"}}],\"inLanguage\":\"es-PE\"}]}<\/script>\n<!-- \/ Yoast SEO plugin. -->","yoast_head_json":{"title":"SUVINIL FACHADA PROTEGIDA ELASTOMERICA - Synthec.com","robots":{"index":"index","follow":"follow","max-snippet":"max-snippet:-1","max-image-preview":"max-image-preview:large","max-video-preview":"max-video-preview:-1"},"canonical":"https:\/\/www.synthec.com\/peru\/producto\/suvinil-fachada-protegida-elastomerica-blanco-nieve-latx3-6-l\/","og_locale":"es_ES","og_type":"article","og_title":"SUVINIL FACHADA PROTEGIDA ELASTOMERICA - Synthec.com","og_description":"\u00abGarantizando una protecci\u00f3n ideal, nuestra pintura l\u00e1tex para paredes exteriores crea una pel\u00edcula el\u00e1stica e impermeable que evita grietas e infiltraciones. La aplicaci\u00f3n es f\u00e1cil y proporciona una pintura impecable en s\u00f3lo unas pocas capas. El producto es muy resistente, dejando el lugar como nuevo por m\u00e1s tiempo y protegiendo su pared de la contaminaci\u00f3n, [&hellip;]","og_url":"https:\/\/www.synthec.com\/peru\/producto\/suvinil-fachada-protegida-elastomerica-blanco-nieve-latx3-6-l\/","og_site_name":"Synthec.com","article_modified_time":"2026-03-06T14:01:32+00:00","og_image":[{"width":829,"height":1070,"url":"https:\/\/www.synthec.com\/peru\/wp-content\/uploads\/2025\/01\/FACHADA-EMBORRADA-18L_SUVINIL_2024_sinfondo-2.png","type":"image\/png"}],"twitter_card":"summary_large_image","twitter_misc":{"Est. reading time":"1 minuto"},"schema":{"@context":"https:\/\/schema.org","@graph":[{"@type":"WebPage","@id":"https:\/\/www.synthec.com\/peru\/producto\/suvinil-fachada-protegida-elastomerica-blanco-nieve-latx3-6-l\/","url":"https:\/\/www.synthec.com\/peru\/producto\/suvinil-fachada-protegida-elastomerica-blanco-nieve-latx3-6-l\/","name":"SUVINIL FACHADA PROTEGIDA ELASTOMERICA - Synthec.com","isPartOf":{"@id":"https:\/\/www.synthec.com\/peru\/#website"},"primaryImageOfPage":{"@id":"https:\/\/www.synthec.com\/peru\/producto\/suvinil-fachada-protegida-elastomerica-blanco-nieve-latx3-6-l\/#primaryimage"},"image":{"@id":"https:\/\/www.synthec.com\/peru\/producto\/suvinil-fachada-protegida-elastomerica-blanco-nieve-latx3-6-l\/#primaryimage"},"thumbnailUrl":"https:\/\/www.synthec.com\/peru\/wp-content\/uploads\/2025\/01\/FACHADA-EMBORRADA-18L_SUVINIL_2024_sinfondo-2.png","datePublished":"2025-01-29T23:40:28+00:00","dateModified":"2026-03-06T14:01:32+00:00","breadcrumb":{"@id":"https:\/\/www.synthec.com\/peru\/producto\/suvinil-fachada-protegida-elastomerica-blanco-nieve-latx3-6-l\/#breadcrumb"},"inLanguage":"es-PE","potentialAction":[{"@type":"ReadAction","target":["https:\/\/www.synthec.com\/peru\/producto\/suvinil-fachada-protegida-elastomerica-blanco-nieve-latx3-6-l\/"]}]},{"@type":"ImageObject","inLanguage":"es-PE","@id":"https:\/\/www.synthec.com\/peru\/producto\/suvinil-fachada-protegida-elastomerica-blanco-nieve-latx3-6-l\/#primaryimage","url":"https:\/\/www.synthec.com\/peru\/wp-content\/uploads\/2025\/01\/FACHADA-EMBORRADA-18L_SUVINIL_2024_sinfondo-2.png","contentUrl":"https:\/\/www.synthec.com\/peru\/wp-content\/uploads\/2025\/01\/FACHADA-EMBORRADA-18L_SUVINIL_2024_sinfondo-2.png","width":829,"height":1070},{"@type":"BreadcrumbList","@id":"https:\/\/www.synthec.com\/peru\/producto\/suvinil-fachada-protegida-elastomerica-blanco-nieve-latx3-6-l\/#breadcrumb","itemListElement":[{"@type":"ListItem","position":1,"name":"Home","item":"https:\/\/www.synthec.com\/peru\/"},{"@type":"ListItem","position":2,"name":"Shop","item":"https:\/\/www.synthec.com\/peru\/shop\/"},{"@type":"ListItem","position":3,"name":"SUVINIL FACHADA PROTEGIDA ELASTOMERICA"}]},{"@type":"WebSite","@id":"https:\/\/www.synthec.com\/peru\/#website","url":"https:\/\/www.synthec.com\/peru\/","name":"Synthec.com","description":"Contribuimos con soluciones y productos de alta especialidad a la generaci\u00f3n de un futuro sostenible.","potentialAction":[{"@type":"SearchAction","target":{"@type":"EntryPoint","urlTemplate":"https:\/\/www.synthec.com\/peru\/?s={search_term_string}"},"query-input":{"@type":"PropertyValueSpecification","valueRequired":true,"valueName":"search_term_string"}}],"inLanguage":"es-PE"}]}},"_links":{"self":[{"href":"https:\/\/www.synthec.com\/peru\/wp-json\/wp\/v2\/product\/5589","targetHints":{"allow":["GET"]}}],"collection":[{"href":"https:\/\/www.synthec.com\/peru\/wp-json\/wp\/v2\/product"}],"about":[{"href":"https:\/\/www.synthec.com\/peru\/wp-json\/wp\/v2\/types\/product"}],"replies":[{"embeddable":true,"href":"https:\/\/www.synthec.com\/peru\/wp-json\/wp\/v2\/comments?post=5589"}],"wp:featuredmedia":[{"embeddable":true,"href":"https:\/\/www.synthec.com\/peru\/wp-json\/wp\/v2\/media\/8225"}],"wp:attachment":[{"href":"https:\/\/www.synthec.com\/peru\/wp-json\/wp\/v2\/media?parent=5589"}],"wp:term":[{"taxonomy":"product_brand","embeddable":true,"href":"https:\/\/www.synthec.com\/peru\/wp-json\/wp\/v2\/product_brand?post=5589"},{"taxonomy":"product_cat","embeddable":true,"href":"https:\/\/www.synthec.com\/peru\/wp-json\/wp\/v2\/product_cat?post=5589"},{"taxonomy":"product_tag","embeddable":true,"href":"https:\/\/www.synthec.com\/peru\/wp-json\/wp\/v2\/product_tag?post=5589"},{"taxonomy":"product_line","embeddable":true,"href":"https:\/\/www.synthec.com\/peru\/wp-json\/wp\/v2\/product_line?post=5589"},{"taxonomy":"brand","embeddable":true,"href":"https:\/\/www.synthec.com\/peru\/wp-json\/wp\/v2\/brand?post=5589"}],"curies":[{"name":"wp","href":"https:\/\/api.w.org\/{rel}","templated":true}]}}