{"id":2753,"date":"2023-10-22T02:02:16","date_gmt":"2023-10-22T07:02:16","guid":{"rendered":"https:\/\/server\/annariel-synthec\/producto\/anderol-86-ep-2\/"},"modified":"2026-04-22T11:52:13","modified_gmt":"2026-04-22T16:52:13","slug":"anderol-86-ep-2","status":"publish","type":"product","link":"https:\/\/www.synthec.com\/peru\/producto\/anderol-86-ep-2\/","title":{"rendered":"Anderol\u00ae 86 EP-2"},"content":{"rendered":"<p><em>Anderol\u00ae 86 EP-2<\/em> es un miembro de una familia de grasas tecnol\u00f3gicamente avanzadas que se han desarrollado formando complejos con sulfonatos de calcio modificados sobre bases. Esta tecnolog\u00eda, desarrollada y patentada por Chemtura, se caracteriza por una estabilidad mec\u00e1nica excepcional, un alto rendimiento de carga, un desgaste reducido y una excelente resistencia al agua y la corrosi\u00f3n. Esta tecnolog\u00eda iguala y en muchos aspectos supera a otras grasas premium para altas temperaturas como el complejo de litio, el complejo de aluminio y la poliurea.<\/p>\n<p><strong>Presentaci\u00f3n en:<\/strong> Cilindro, Balde y Cartucho.<\/p>\n","protected":false},"excerpt":{"rendered":"<p>Anderol\u00ae 86 EP-2 es un miembro de una familia de grasas tecnol\u00f3gicamente avanzadas que se han desarrollado formando complejos con sulfonatos de calcio modificados sobre bases. Esta tecnolog\u00eda, desarrollada y patentada por Chemtura, se caracteriza por una estabilidad mec\u00e1nica excepcional, un alto rendimiento de carga, un desgaste reducido y una excelente resistencia al agua y [&hellip;]<\/p>\n","protected":false},"featured_media":3609,"comment_status":"open","ping_status":"closed","template":"","meta":{"_acf_changed":false},"product_brand":[],"product_cat":[30,33],"product_tag":[],"product_line":[],"brand":[137],"class_list":{"0":"post-2753","1":"product","2":"type-product","3":"status-publish","4":"has-post-thumbnail","6":"product_cat-lubricantes-industriales","7":"product_cat-lubricantes-de-alto-desempeno","8":"brand-lanxess-productos-quimicos-industriales","10":"first","11":"instock","12":"shipping-taxable","13":"product-type-simple"},"acf":[],"yoast_head":"<!-- This site is optimized with the Yoast SEO plugin v27.6 - https:\/\/yoast.com\/product\/yoast-seo-wordpress\/ -->\n<title>Anderol\u00ae 86 EP-2 - Synthec.com<\/title>\n<meta name=\"robots\" content=\"index, follow, max-snippet:-1, max-image-preview:large, max-video-preview:-1\" \/>\n<link rel=\"canonical\" href=\"https:\/\/www.synthec.com\/peru\/producto\/anderol-86-ep-2\/\" \/>\n<meta property=\"og:locale\" content=\"es_ES\" \/>\n<meta property=\"og:type\" content=\"article\" \/>\n<meta property=\"og:title\" content=\"Anderol\u00ae 86 EP-2 - Synthec.com\" \/>\n<meta property=\"og:description\" content=\"Anderol\u00ae 86 EP-2 es un miembro de una familia de grasas tecnol\u00f3gicamente avanzadas que se han desarrollado formando complejos con sulfonatos de calcio modificados sobre bases. Esta tecnolog\u00eda, desarrollada y patentada por Chemtura, se caracteriza por una estabilidad mec\u00e1nica excepcional, un alto rendimiento de carga, un desgaste reducido y una excelente resistencia al agua y [&hellip;]\" \/>\n<meta property=\"og:url\" content=\"https:\/\/www.synthec.com\/peru\/producto\/anderol-86-ep-2\/\" \/>\n<meta property=\"og:site_name\" content=\"Synthec.com\" \/>\n<meta property=\"article:modified_time\" content=\"2026-04-22T16:52:13+00:00\" \/>\n<meta property=\"og:image\" content=\"https:\/\/www.synthec.com\/peru\/wp-content\/uploads\/2023\/10\/AN-4052931.png\" \/>\n\t<meta property=\"og:image:width\" content=\"564\" \/>\n\t<meta property=\"og:image:height\" content=\"544\" \/>\n\t<meta property=\"og:image:type\" content=\"image\/png\" \/>\n<meta name=\"twitter:card\" content=\"summary_large_image\" \/>\n<meta name=\"twitter:label1\" content=\"Est. reading time\" \/>\n\t<meta name=\"twitter:data1\" content=\"1 minuto\" \/>\n<script type=\"application\/ld+json\" class=\"yoast-schema-graph\">{\"@context\":\"https:\\\/\\\/schema.org\",\"@graph\":[{\"@type\":\"WebPage\",\"@id\":\"https:\\\/\\\/www.synthec.com\\\/peru\\\/producto\\\/anderol-86-ep-2\\\/\",\"url\":\"https:\\\/\\\/www.synthec.com\\\/peru\\\/producto\\\/anderol-86-ep-2\\\/\",\"name\":\"Anderol\u00ae 86 EP-2 - Synthec.com\",\"isPartOf\":{\"@id\":\"https:\\\/\\\/www.synthec.com\\\/peru\\\/#website\"},\"primaryImageOfPage\":{\"@id\":\"https:\\\/\\\/www.synthec.com\\\/peru\\\/producto\\\/anderol-86-ep-2\\\/#primaryimage\"},\"image\":{\"@id\":\"https:\\\/\\\/www.synthec.com\\\/peru\\\/producto\\\/anderol-86-ep-2\\\/#primaryimage\"},\"thumbnailUrl\":\"https:\\\/\\\/www.synthec.com\\\/peru\\\/wp-content\\\/uploads\\\/2023\\\/10\\\/AN-4052931.png\",\"datePublished\":\"2023-10-22T07:02:16+00:00\",\"dateModified\":\"2026-04-22T16:52:13+00:00\",\"breadcrumb\":{\"@id\":\"https:\\\/\\\/www.synthec.com\\\/peru\\\/producto\\\/anderol-86-ep-2\\\/#breadcrumb\"},\"inLanguage\":\"es-PE\",\"potentialAction\":[{\"@type\":\"ReadAction\",\"target\":[\"https:\\\/\\\/www.synthec.com\\\/peru\\\/producto\\\/anderol-86-ep-2\\\/\"]}]},{\"@type\":\"ImageObject\",\"inLanguage\":\"es-PE\",\"@id\":\"https:\\\/\\\/www.synthec.com\\\/peru\\\/producto\\\/anderol-86-ep-2\\\/#primaryimage\",\"url\":\"https:\\\/\\\/www.synthec.com\\\/peru\\\/wp-content\\\/uploads\\\/2023\\\/10\\\/AN-4052931.png\",\"contentUrl\":\"https:\\\/\\\/www.synthec.com\\\/peru\\\/wp-content\\\/uploads\\\/2023\\\/10\\\/AN-4052931.png\",\"width\":564,\"height\":544},{\"@type\":\"BreadcrumbList\",\"@id\":\"https:\\\/\\\/www.synthec.com\\\/peru\\\/producto\\\/anderol-86-ep-2\\\/#breadcrumb\",\"itemListElement\":[{\"@type\":\"ListItem\",\"position\":1,\"name\":\"Home\",\"item\":\"https:\\\/\\\/www.synthec.com\\\/peru\\\/\"},{\"@type\":\"ListItem\",\"position\":2,\"name\":\"Shop\",\"item\":\"https:\\\/\\\/www.synthec.com\\\/peru\\\/shop\\\/\"},{\"@type\":\"ListItem\",\"position\":3,\"name\":\"Anderol\u00ae 86 EP-2\"}]},{\"@type\":\"WebSite\",\"@id\":\"https:\\\/\\\/www.synthec.com\\\/peru\\\/#website\",\"url\":\"https:\\\/\\\/www.synthec.com\\\/peru\\\/\",\"name\":\"Synthec.com\",\"description\":\"Contribuimos con soluciones y productos de alta especialidad a la generaci\u00f3n de un futuro sostenible.\",\"potentialAction\":[{\"@type\":\"SearchAction\",\"target\":{\"@type\":\"EntryPoint\",\"urlTemplate\":\"https:\\\/\\\/www.synthec.com\\\/peru\\\/?s={search_term_string}\"},\"query-input\":{\"@type\":\"PropertyValueSpecification\",\"valueRequired\":true,\"valueName\":\"search_term_string\"}}],\"inLanguage\":\"es-PE\"}]}<\/script>\n<!-- \/ Yoast SEO plugin. -->","yoast_head_json":{"title":"Anderol\u00ae 86 EP-2 - Synthec.com","robots":{"index":"index","follow":"follow","max-snippet":"max-snippet:-1","max-image-preview":"max-image-preview:large","max-video-preview":"max-video-preview:-1"},"canonical":"https:\/\/www.synthec.com\/peru\/producto\/anderol-86-ep-2\/","og_locale":"es_ES","og_type":"article","og_title":"Anderol\u00ae 86 EP-2 - Synthec.com","og_description":"Anderol\u00ae 86 EP-2 es un miembro de una familia de grasas tecnol\u00f3gicamente avanzadas que se han desarrollado formando complejos con sulfonatos de calcio modificados sobre bases. Esta tecnolog\u00eda, desarrollada y patentada por Chemtura, se caracteriza por una estabilidad mec\u00e1nica excepcional, un alto rendimiento de carga, un desgaste reducido y una excelente resistencia al agua y [&hellip;]","og_url":"https:\/\/www.synthec.com\/peru\/producto\/anderol-86-ep-2\/","og_site_name":"Synthec.com","article_modified_time":"2026-04-22T16:52:13+00:00","og_image":[{"width":564,"height":544,"url":"https:\/\/www.synthec.com\/peru\/wp-content\/uploads\/2023\/10\/AN-4052931.png","type":"image\/png"}],"twitter_card":"summary_large_image","twitter_misc":{"Est. reading time":"1 minuto"},"schema":{"@context":"https:\/\/schema.org","@graph":[{"@type":"WebPage","@id":"https:\/\/www.synthec.com\/peru\/producto\/anderol-86-ep-2\/","url":"https:\/\/www.synthec.com\/peru\/producto\/anderol-86-ep-2\/","name":"Anderol\u00ae 86 EP-2 - Synthec.com","isPartOf":{"@id":"https:\/\/www.synthec.com\/peru\/#website"},"primaryImageOfPage":{"@id":"https:\/\/www.synthec.com\/peru\/producto\/anderol-86-ep-2\/#primaryimage"},"image":{"@id":"https:\/\/www.synthec.com\/peru\/producto\/anderol-86-ep-2\/#primaryimage"},"thumbnailUrl":"https:\/\/www.synthec.com\/peru\/wp-content\/uploads\/2023\/10\/AN-4052931.png","datePublished":"2023-10-22T07:02:16+00:00","dateModified":"2026-04-22T16:52:13+00:00","breadcrumb":{"@id":"https:\/\/www.synthec.com\/peru\/producto\/anderol-86-ep-2\/#breadcrumb"},"inLanguage":"es-PE","potentialAction":[{"@type":"ReadAction","target":["https:\/\/www.synthec.com\/peru\/producto\/anderol-86-ep-2\/"]}]},{"@type":"ImageObject","inLanguage":"es-PE","@id":"https:\/\/www.synthec.com\/peru\/producto\/anderol-86-ep-2\/#primaryimage","url":"https:\/\/www.synthec.com\/peru\/wp-content\/uploads\/2023\/10\/AN-4052931.png","contentUrl":"https:\/\/www.synthec.com\/peru\/wp-content\/uploads\/2023\/10\/AN-4052931.png","width":564,"height":544},{"@type":"BreadcrumbList","@id":"https:\/\/www.synthec.com\/peru\/producto\/anderol-86-ep-2\/#breadcrumb","itemListElement":[{"@type":"ListItem","position":1,"name":"Home","item":"https:\/\/www.synthec.com\/peru\/"},{"@type":"ListItem","position":2,"name":"Shop","item":"https:\/\/www.synthec.com\/peru\/shop\/"},{"@type":"ListItem","position":3,"name":"Anderol\u00ae 86 EP-2"}]},{"@type":"WebSite","@id":"https:\/\/www.synthec.com\/peru\/#website","url":"https:\/\/www.synthec.com\/peru\/","name":"Synthec.com","description":"Contribuimos con soluciones y productos de alta especialidad a la generaci\u00f3n de un futuro sostenible.","potentialAction":[{"@type":"SearchAction","target":{"@type":"EntryPoint","urlTemplate":"https:\/\/www.synthec.com\/peru\/?s={search_term_string}"},"query-input":{"@type":"PropertyValueSpecification","valueRequired":true,"valueName":"search_term_string"}}],"inLanguage":"es-PE"}]}},"_links":{"self":[{"href":"https:\/\/www.synthec.com\/peru\/wp-json\/wp\/v2\/product\/2753","targetHints":{"allow":["GET"]}}],"collection":[{"href":"https:\/\/www.synthec.com\/peru\/wp-json\/wp\/v2\/product"}],"about":[{"href":"https:\/\/www.synthec.com\/peru\/wp-json\/wp\/v2\/types\/product"}],"replies":[{"embeddable":true,"href":"https:\/\/www.synthec.com\/peru\/wp-json\/wp\/v2\/comments?post=2753"}],"wp:featuredmedia":[{"embeddable":true,"href":"https:\/\/www.synthec.com\/peru\/wp-json\/wp\/v2\/media\/3609"}],"wp:attachment":[{"href":"https:\/\/www.synthec.com\/peru\/wp-json\/wp\/v2\/media?parent=2753"}],"wp:term":[{"taxonomy":"product_brand","embeddable":true,"href":"https:\/\/www.synthec.com\/peru\/wp-json\/wp\/v2\/product_brand?post=2753"},{"taxonomy":"product_cat","embeddable":true,"href":"https:\/\/www.synthec.com\/peru\/wp-json\/wp\/v2\/product_cat?post=2753"},{"taxonomy":"product_tag","embeddable":true,"href":"https:\/\/www.synthec.com\/peru\/wp-json\/wp\/v2\/product_tag?post=2753"},{"taxonomy":"product_line","embeddable":true,"href":"https:\/\/www.synthec.com\/peru\/wp-json\/wp\/v2\/product_line?post=2753"},{"taxonomy":"brand","embeddable":true,"href":"https:\/\/www.synthec.com\/peru\/wp-json\/wp\/v2\/brand?post=2753"}],"curies":[{"name":"wp","href":"https:\/\/api.w.org\/{rel}","templated":true}]}}