{"id":2598,"date":"2023-10-22T01:47:26","date_gmt":"2023-10-22T06:47:26","guid":{"rendered":"https:\/\/server\/annariel-synthec\/producto\/new-pig-masilla-epoxica\/"},"modified":"2026-05-05T10:28:36","modified_gmt":"2026-05-05T15:28:36","slug":"pig-epoxy-putty-reparacion-rapida","status":"publish","type":"product","link":"https:\/\/www.synthec.com\/peru\/producto\/pig-epoxy-putty-reparacion-rapida\/","title":{"rendered":"PIG\u00ae Multi-Purpose Epoxy Putty"},"content":{"rendered":"<p>El <strong data-start=\"3\" data-end=\"37\">PIG\u00ae Multi-Purpose Epoxy Putty<\/strong> es una masilla ep\u00f3xica de <strong data-start=\"64\" data-end=\"124\">alto rendimiento para reparaciones r\u00e1pidas y resistentes<\/strong> en m\u00faltiples superficies. Se adhiere firmemente a <strong data-start=\"175\" data-end=\"228\">acero, vidrio, concreto y la mayor\u00eda de pl\u00e1sticos<\/strong>, ofreciendo una uni\u00f3n duradera. Su f\u00f3rmula pre-dosificada permite mezclar y aplicar f\u00e1cilmente, con un <strong data-start=\"332\" data-end=\"370\">tiempo de trabajo de 3 a 5 minutos<\/strong>. Cura en aproximadamente <strong data-start=\"396\" data-end=\"442\">1 hora hasta alcanzar dureza tipo concreto<\/strong>, permitiendo lijar, perforar o pintar. Es <strong data-start=\"485\" data-end=\"553\">no t\u00f3xica, libre de solventes y apta para l\u00edneas de agua potable<\/strong>, ideal para kits de mantenimiento y respuesta r\u00e1pida.<\/p>\n<p><strong data-start=\"0\" data-end=\"14\" data-is-only-node=\"\">Contenido:<\/strong> tubos de 4 oz\u00a0<br data-start=\"43\" data-end=\"46\" \/><strong data-start=\"46\" data-end=\"63\">Presentaci\u00f3n:<\/strong> 12 unidades por caja<\/p>\n","protected":false},"excerpt":{"rendered":"<p>El PIG\u00ae Multi-Purpose Epoxy Putty es una masilla ep\u00f3xica de alto rendimiento para reparaciones r\u00e1pidas y resistentes en m\u00faltiples superficies. Se adhiere firmemente a acero, vidrio, concreto y la mayor\u00eda de pl\u00e1sticos, ofreciendo una uni\u00f3n duradera. Su f\u00f3rmula pre-dosificada permite mezclar y aplicar f\u00e1cilmente, con un tiempo de trabajo de 3 a 5 minutos. Cura [&hellip;]<\/p>\n","protected":false},"featured_media":7931,"comment_status":"open","ping_status":"closed","template":"","meta":{"_acf_changed":false},"product_brand":[],"product_cat":[58,56],"product_tag":[],"product_line":[],"brand":[113],"class_list":{"0":"post-2598","1":"product","2":"type-product","3":"status-publish","4":"has-post-thumbnail","6":"product_cat-contencion-de-derrames","7":"product_cat-absorbentes","8":"brand-new-pig-control-derrames-industriales","10":"first","11":"instock","12":"shipping-taxable","13":"product-type-simple"},"acf":[],"yoast_head":"<!-- This site is optimized with the Yoast SEO plugin v27.0 - https:\/\/yoast.com\/product\/yoast-seo-wordpress\/ -->\n<title>PIG\u00ae Epoxy Putty - Masilla ep\u00f3xica de reparaci\u00f3n r\u00e1pida<\/title>\n<meta name=\"description\" content=\"PIG\u00ae Multi-Purpose Epoxy Putty es una masilla ep\u00f3xica de reparaci\u00f3n r\u00e1pida que se adhiere a m\u00faltiples superficies y cura en aproximadamente 1 hora, ideal para reparaciones industriales.\" \/>\n<meta name=\"robots\" content=\"index, follow, max-snippet:-1, max-image-preview:large, max-video-preview:-1\" \/>\n<link rel=\"canonical\" href=\"https:\/\/www.synthec.com\/peru\/producto\/pig-epoxy-putty-reparacion-rapida\/\" \/>\n<meta property=\"og:locale\" content=\"es_ES\" \/>\n<meta property=\"og:type\" content=\"article\" \/>\n<meta property=\"og:title\" content=\"PIG\u00ae Epoxy Putty - Masilla ep\u00f3xica de reparaci\u00f3n r\u00e1pida\" \/>\n<meta property=\"og:description\" content=\"PIG\u00ae Multi-Purpose Epoxy Putty es una masilla ep\u00f3xica de reparaci\u00f3n r\u00e1pida que se adhiere a m\u00faltiples superficies y cura en aproximadamente 1 hora, ideal para reparaciones industriales.\" \/>\n<meta property=\"og:url\" content=\"https:\/\/www.synthec.com\/peru\/producto\/pig-epoxy-putty-reparacion-rapida\/\" \/>\n<meta property=\"og:site_name\" content=\"Synthec.com\" \/>\n<meta property=\"article:modified_time\" content=\"2026-05-05T15:28:36+00:00\" \/>\n<meta property=\"og:image\" content=\"https:\/\/www.synthec.com\/peru\/wp-content\/uploads\/2023\/10\/PTY201-sin-fondo.png\" \/>\n\t<meta property=\"og:image:width\" content=\"988\" \/>\n\t<meta property=\"og:image:height\" content=\"984\" \/>\n\t<meta property=\"og:image:type\" content=\"image\/png\" \/>\n<meta name=\"twitter:card\" content=\"summary_large_image\" \/>\n<meta name=\"twitter:label1\" content=\"Est. reading time\" \/>\n\t<meta name=\"twitter:data1\" content=\"1 minuto\" \/>\n<script type=\"application\/ld+json\" class=\"yoast-schema-graph\">{\"@context\":\"https:\/\/schema.org\",\"@graph\":[{\"@type\":\"WebPage\",\"@id\":\"https:\/\/www.synthec.com\/peru\/producto\/pig-epoxy-putty-reparacion-rapida\/\",\"url\":\"https:\/\/www.synthec.com\/peru\/producto\/pig-epoxy-putty-reparacion-rapida\/\",\"name\":\"PIG\u00ae Epoxy Putty - Masilla ep\u00f3xica de reparaci\u00f3n r\u00e1pida\",\"isPartOf\":{\"@id\":\"https:\/\/www.synthec.com\/peru\/#website\"},\"primaryImageOfPage\":{\"@id\":\"https:\/\/www.synthec.com\/peru\/producto\/pig-epoxy-putty-reparacion-rapida\/#primaryimage\"},\"image\":{\"@id\":\"https:\/\/www.synthec.com\/peru\/producto\/pig-epoxy-putty-reparacion-rapida\/#primaryimage\"},\"thumbnailUrl\":\"https:\/\/www.synthec.com\/peru\/wp-content\/uploads\/2023\/10\/PTY201-sin-fondo.png\",\"datePublished\":\"2023-10-22T06:47:26+00:00\",\"dateModified\":\"2026-05-05T15:28:36+00:00\",\"description\":\"PIG\u00ae Multi-Purpose Epoxy Putty es una masilla ep\u00f3xica de reparaci\u00f3n r\u00e1pida que se adhiere a m\u00faltiples superficies y cura en aproximadamente 1 hora, ideal para reparaciones industriales.\",\"breadcrumb\":{\"@id\":\"https:\/\/www.synthec.com\/peru\/producto\/pig-epoxy-putty-reparacion-rapida\/#breadcrumb\"},\"inLanguage\":\"es-PE\",\"potentialAction\":[{\"@type\":\"ReadAction\",\"target\":[\"https:\/\/www.synthec.com\/peru\/producto\/pig-epoxy-putty-reparacion-rapida\/\"]}]},{\"@type\":\"ImageObject\",\"inLanguage\":\"es-PE\",\"@id\":\"https:\/\/www.synthec.com\/peru\/producto\/pig-epoxy-putty-reparacion-rapida\/#primaryimage\",\"url\":\"https:\/\/www.synthec.com\/peru\/wp-content\/uploads\/2023\/10\/PTY201-sin-fondo.png\",\"contentUrl\":\"https:\/\/www.synthec.com\/peru\/wp-content\/uploads\/2023\/10\/PTY201-sin-fondo.png\",\"width\":988,\"height\":984},{\"@type\":\"BreadcrumbList\",\"@id\":\"https:\/\/www.synthec.com\/peru\/producto\/pig-epoxy-putty-reparacion-rapida\/#breadcrumb\",\"itemListElement\":[{\"@type\":\"ListItem\",\"position\":1,\"name\":\"Home\",\"item\":\"https:\/\/www.synthec.com\/peru\/\"},{\"@type\":\"ListItem\",\"position\":2,\"name\":\"Shop\",\"item\":\"https:\/\/www.synthec.com\/peru\/shop\/\"},{\"@type\":\"ListItem\",\"position\":3,\"name\":\"PIG\u00ae Multi-Purpose Epoxy Putty\"}]},{\"@type\":\"WebSite\",\"@id\":\"https:\/\/www.synthec.com\/peru\/#website\",\"url\":\"https:\/\/www.synthec.com\/peru\/\",\"name\":\"Synthec.com\",\"description\":\"Contribuimos con soluciones y productos de alta especialidad a la generaci\u00f3n de un futuro sostenible.\",\"potentialAction\":[{\"@type\":\"SearchAction\",\"target\":{\"@type\":\"EntryPoint\",\"urlTemplate\":\"https:\/\/www.synthec.com\/peru\/?s={search_term_string}\"},\"query-input\":{\"@type\":\"PropertyValueSpecification\",\"valueRequired\":true,\"valueName\":\"search_term_string\"}}],\"inLanguage\":\"es-PE\"}]}<\/script>\n<!-- \/ Yoast SEO plugin. -->","yoast_head_json":{"title":"PIG\u00ae Epoxy Putty - Masilla ep\u00f3xica de reparaci\u00f3n r\u00e1pida","description":"PIG\u00ae Multi-Purpose Epoxy Putty es una masilla ep\u00f3xica de reparaci\u00f3n r\u00e1pida que se adhiere a m\u00faltiples superficies y cura en aproximadamente 1 hora, ideal para reparaciones industriales.","robots":{"index":"index","follow":"follow","max-snippet":"max-snippet:-1","max-image-preview":"max-image-preview:large","max-video-preview":"max-video-preview:-1"},"canonical":"https:\/\/www.synthec.com\/peru\/producto\/pig-epoxy-putty-reparacion-rapida\/","og_locale":"es_ES","og_type":"article","og_title":"PIG\u00ae Epoxy Putty - Masilla ep\u00f3xica de reparaci\u00f3n r\u00e1pida","og_description":"PIG\u00ae Multi-Purpose Epoxy Putty es una masilla ep\u00f3xica de reparaci\u00f3n r\u00e1pida que se adhiere a m\u00faltiples superficies y cura en aproximadamente 1 hora, ideal para reparaciones industriales.","og_url":"https:\/\/www.synthec.com\/peru\/producto\/pig-epoxy-putty-reparacion-rapida\/","og_site_name":"Synthec.com","article_modified_time":"2026-05-05T15:28:36+00:00","og_image":[{"width":988,"height":984,"url":"https:\/\/www.synthec.com\/peru\/wp-content\/uploads\/2023\/10\/PTY201-sin-fondo.png","type":"image\/png"}],"twitter_card":"summary_large_image","twitter_misc":{"Est. reading time":"1 minuto"},"schema":{"@context":"https:\/\/schema.org","@graph":[{"@type":"WebPage","@id":"https:\/\/www.synthec.com\/peru\/producto\/pig-epoxy-putty-reparacion-rapida\/","url":"https:\/\/www.synthec.com\/peru\/producto\/pig-epoxy-putty-reparacion-rapida\/","name":"PIG\u00ae Epoxy Putty - Masilla ep\u00f3xica de reparaci\u00f3n r\u00e1pida","isPartOf":{"@id":"https:\/\/www.synthec.com\/peru\/#website"},"primaryImageOfPage":{"@id":"https:\/\/www.synthec.com\/peru\/producto\/pig-epoxy-putty-reparacion-rapida\/#primaryimage"},"image":{"@id":"https:\/\/www.synthec.com\/peru\/producto\/pig-epoxy-putty-reparacion-rapida\/#primaryimage"},"thumbnailUrl":"https:\/\/www.synthec.com\/peru\/wp-content\/uploads\/2023\/10\/PTY201-sin-fondo.png","datePublished":"2023-10-22T06:47:26+00:00","dateModified":"2026-05-05T15:28:36+00:00","description":"PIG\u00ae Multi-Purpose Epoxy Putty es una masilla ep\u00f3xica de reparaci\u00f3n r\u00e1pida que se adhiere a m\u00faltiples superficies y cura en aproximadamente 1 hora, ideal para reparaciones industriales.","breadcrumb":{"@id":"https:\/\/www.synthec.com\/peru\/producto\/pig-epoxy-putty-reparacion-rapida\/#breadcrumb"},"inLanguage":"es-PE","potentialAction":[{"@type":"ReadAction","target":["https:\/\/www.synthec.com\/peru\/producto\/pig-epoxy-putty-reparacion-rapida\/"]}]},{"@type":"ImageObject","inLanguage":"es-PE","@id":"https:\/\/www.synthec.com\/peru\/producto\/pig-epoxy-putty-reparacion-rapida\/#primaryimage","url":"https:\/\/www.synthec.com\/peru\/wp-content\/uploads\/2023\/10\/PTY201-sin-fondo.png","contentUrl":"https:\/\/www.synthec.com\/peru\/wp-content\/uploads\/2023\/10\/PTY201-sin-fondo.png","width":988,"height":984},{"@type":"BreadcrumbList","@id":"https:\/\/www.synthec.com\/peru\/producto\/pig-epoxy-putty-reparacion-rapida\/#breadcrumb","itemListElement":[{"@type":"ListItem","position":1,"name":"Home","item":"https:\/\/www.synthec.com\/peru\/"},{"@type":"ListItem","position":2,"name":"Shop","item":"https:\/\/www.synthec.com\/peru\/shop\/"},{"@type":"ListItem","position":3,"name":"PIG\u00ae Multi-Purpose Epoxy Putty"}]},{"@type":"WebSite","@id":"https:\/\/www.synthec.com\/peru\/#website","url":"https:\/\/www.synthec.com\/peru\/","name":"Synthec.com","description":"Contribuimos con soluciones y productos de alta especialidad a la generaci\u00f3n de un futuro sostenible.","potentialAction":[{"@type":"SearchAction","target":{"@type":"EntryPoint","urlTemplate":"https:\/\/www.synthec.com\/peru\/?s={search_term_string}"},"query-input":{"@type":"PropertyValueSpecification","valueRequired":true,"valueName":"search_term_string"}}],"inLanguage":"es-PE"}]}},"_links":{"self":[{"href":"https:\/\/www.synthec.com\/peru\/wp-json\/wp\/v2\/product\/2598","targetHints":{"allow":["GET"]}}],"collection":[{"href":"https:\/\/www.synthec.com\/peru\/wp-json\/wp\/v2\/product"}],"about":[{"href":"https:\/\/www.synthec.com\/peru\/wp-json\/wp\/v2\/types\/product"}],"replies":[{"embeddable":true,"href":"https:\/\/www.synthec.com\/peru\/wp-json\/wp\/v2\/comments?post=2598"}],"wp:featuredmedia":[{"embeddable":true,"href":"https:\/\/www.synthec.com\/peru\/wp-json\/wp\/v2\/media\/7931"}],"wp:attachment":[{"href":"https:\/\/www.synthec.com\/peru\/wp-json\/wp\/v2\/media?parent=2598"}],"wp:term":[{"taxonomy":"product_brand","embeddable":true,"href":"https:\/\/www.synthec.com\/peru\/wp-json\/wp\/v2\/product_brand?post=2598"},{"taxonomy":"product_cat","embeddable":true,"href":"https:\/\/www.synthec.com\/peru\/wp-json\/wp\/v2\/product_cat?post=2598"},{"taxonomy":"product_tag","embeddable":true,"href":"https:\/\/www.synthec.com\/peru\/wp-json\/wp\/v2\/product_tag?post=2598"},{"taxonomy":"product_line","embeddable":true,"href":"https:\/\/www.synthec.com\/peru\/wp-json\/wp\/v2\/product_line?post=2598"},{"taxonomy":"brand","embeddable":true,"href":"https:\/\/www.synthec.com\/peru\/wp-json\/wp\/v2\/brand?post=2598"}],"curies":[{"name":"wp","href":"https:\/\/api.w.org\/{rel}","templated":true}]}}