{"id":2,"date":"2023-04-19T18:07:45","date_gmt":"2023-04-19T23:07:45","guid":{"rendered":"http:\/\/server\/annariel-synthec\/?page_id=2"},"modified":"2023-09-08T18:50:27","modified_gmt":"2023-09-08T23:50:27","slug":"como-comprar","status":"publish","type":"page","link":"https:\/\/www.synthec.com\/ecuador\/como-comprar\/","title":{"rendered":"\u00bfC\u00f3mo comprar en Synthec?"},"content":{"rendered":"\n<h2 class=\"wp-block-heading\"><strong>HAZ TU COMPRA DE MANERA F\u00c1CIL, R\u00c1PIDA Y 100% SEGURA<\/strong><\/h2>\n\n\n\n<p>En Synthec siempre podr\u00e1s realizar compras de manera f\u00e1cil, r\u00e1pida y 100% segura.<\/p>\n\n\n\n<p>Para realizar tu compra solo seguir estos 5 simples pasos:<\/p>\n\n\n\n<ol class=\"wp-block-list\">\n<li><strong>BUSCA TU PRODUCTO Y AGR\u00c9GALO AL CARRITO<\/strong><br>\u2022 Busca e ingresa al producto de tu inter\u00e9s. Para encontrarlo, puedes utilizar la opci\u00f3n \u201cBuscar en toda la tienda\u201d en la barra superior, o ingresar a las categor\u00edas.<br>\u2022 Selecciona la cantidad que deseas.<br>\u2022 Haz \u201cclick\u201d en el bot\u00f3n \u201cComprar ahora\u201d.<br>\u2022 El producto escogido quedar\u00e1 guardado en tu Carrito de Compras.<br>\u2022 Podras seguir agregando m\u00e1s productos a tu carrito de compras, la lista se actualizara a medida que los agregues<br>\u2022 Cuando tengas tu carrito de compras listo, podr\u00e1s pasar al formulario de pago, el checkout.<br><br><\/li>\n\n\n\n<li><strong>INICIAR EL PROGRESO DE COMPRA<\/strong><br>\u2022 Revisar tu carrito y asegurate que tienes los articulos y cantidades deseadas.<br>\u2022 En la parte inferior de tu Carrito de Compras haz \u201cclick\u201d en el bot\u00f3n \u201cTerminar Pedido\u201d para acceder directamente al checkout.<br><br><\/li>\n\n\n\n<li><strong>ENV\u00cdO<\/strong><br>\u2022 Ingresa tu documento de identidad, fecha de nacimiento y direcci\u00f3n de env\u00edo.<br>\u2022 Ingresa la direcci\u00f3n y m\u00e9todo de env\u00edo.<br>\u2022 Haz \u201cclick\u201d en el bot\u00f3n \u201cContinuar\u201d, en la barra inferior.<br><br><\/li>\n\n\n\n<li><strong>ELIGE TU MEDIO DE PAGO<\/strong><br>\u2022 Elige el m\u00e9todo de pago (MercadoPago).<br>\u2022 Haz \u201cclick\u201d en el bot\u00f3n \u201cContinuar\u201d, en la barra inferior.<br><br><\/li>\n\n\n\n<li><strong>RESUMEN Y PAGO<\/strong><br>\u2022 Revisa el resumen de tu compra.<br>\u2022 Haz \u201cclick\u201d en el bot\u00f3n \u201cPagar\u201d. Se te abrir\u00e1 la ventana de seguridad para que realices el pago con una compra 100% segura.<br>\u2022 \u00a1Listo!. Visualizaras la pagina \u00abGracias por tu compra\u00bb<\/li>\n<\/ol>\n","protected":false},"excerpt":{"rendered":"<p>HAZ TU COMPRA DE MANERA F\u00c1CIL, R\u00c1PIDA Y 100% SEGURA En Synthec siempre podr\u00e1s realizar compras de manera f\u00e1cil, r\u00e1pida y 100% segura. Para realizar tu compra solo seguir estos 5 simples pasos:<\/p>\n","protected":false},"author":1,"featured_media":0,"parent":0,"menu_order":0,"comment_status":"closed","ping_status":"closed","template":"","meta":{"_acf_changed":false,"footnotes":""},"class_list":["post-2","page","type-page","status-publish","hentry"],"acf":[],"yoast_head":"<!-- This site is optimized with the Yoast SEO plugin v27.0 - https:\/\/yoast.com\/product\/yoast-seo-wordpress\/ -->\n<title>\u00bfC\u00f3mo comprar en Synthec? - Synthec.com<\/title>\n<meta name=\"robots\" content=\"index, follow, max-snippet:-1, max-image-preview:large, max-video-preview:-1\" \/>\n<link rel=\"canonical\" href=\"https:\/\/www.synthec.com\/ecuador\/como-comprar\/\" \/>\n<meta property=\"og:locale\" content=\"es_ES\" \/>\n<meta property=\"og:type\" content=\"article\" \/>\n<meta property=\"og:title\" content=\"\u00bfC\u00f3mo comprar en Synthec? - Synthec.com\" \/>\n<meta property=\"og:description\" content=\"HAZ TU COMPRA DE MANERA F\u00c1CIL, R\u00c1PIDA Y 100% SEGURA En Synthec siempre podr\u00e1s realizar compras de manera f\u00e1cil, r\u00e1pida y 100% segura. Para realizar tu compra solo seguir estos 5 simples pasos:\" \/>\n<meta property=\"og:url\" content=\"https:\/\/www.synthec.com\/ecuador\/como-comprar\/\" \/>\n<meta property=\"og:site_name\" content=\"Synthec.com\" \/>\n<meta property=\"article:modified_time\" content=\"2023-09-08T23:50:27+00:00\" \/>\n<meta name=\"twitter:card\" content=\"summary_large_image\" \/>\n<meta name=\"twitter:label1\" content=\"Est. reading time\" \/>\n\t<meta name=\"twitter:data1\" content=\"2 minutos\" \/>\n<script type=\"application\/ld+json\" class=\"yoast-schema-graph\">{\"@context\":\"https:\/\/schema.org\",\"@graph\":[{\"@type\":\"WebPage\",\"@id\":\"https:\/\/www.synthec.com\/ecuador\/como-comprar\/\",\"url\":\"https:\/\/www.synthec.com\/ecuador\/como-comprar\/\",\"name\":\"\u00bfC\u00f3mo comprar en Synthec? - Synthec.com\",\"isPartOf\":{\"@id\":\"https:\/\/www.synthec.com\/ecuador\/#website\"},\"datePublished\":\"2023-04-19T23:07:45+00:00\",\"dateModified\":\"2023-09-08T23:50:27+00:00\",\"breadcrumb\":{\"@id\":\"https:\/\/www.synthec.com\/ecuador\/como-comprar\/#breadcrumb\"},\"inLanguage\":\"es-PE\",\"potentialAction\":[{\"@type\":\"ReadAction\",\"target\":[\"https:\/\/www.synthec.com\/ecuador\/como-comprar\/\"]}]},{\"@type\":\"BreadcrumbList\",\"@id\":\"https:\/\/www.synthec.com\/ecuador\/como-comprar\/#breadcrumb\",\"itemListElement\":[{\"@type\":\"ListItem\",\"position\":1,\"name\":\"Home\",\"item\":\"https:\/\/www.synthec.com\/ecuador\/\"},{\"@type\":\"ListItem\",\"position\":2,\"name\":\"\u00bfC\u00f3mo comprar en Synthec?\"}]},{\"@type\":\"WebSite\",\"@id\":\"https:\/\/www.synthec.com\/ecuador\/#website\",\"url\":\"https:\/\/www.synthec.com\/ecuador\/\",\"name\":\"Synthec.com\",\"description\":\"Contribuimos con soluciones y productos de alta especialidad a la generaci\u00f3n de un futuro sostenible.\",\"potentialAction\":[{\"@type\":\"SearchAction\",\"target\":{\"@type\":\"EntryPoint\",\"urlTemplate\":\"https:\/\/www.synthec.com\/ecuador\/?s={search_term_string}\"},\"query-input\":{\"@type\":\"PropertyValueSpecification\",\"valueRequired\":true,\"valueName\":\"search_term_string\"}}],\"inLanguage\":\"es-PE\"}]}<\/script>\n<!-- \/ Yoast SEO plugin. -->","yoast_head_json":{"title":"\u00bfC\u00f3mo comprar en Synthec? - Synthec.com","robots":{"index":"index","follow":"follow","max-snippet":"max-snippet:-1","max-image-preview":"max-image-preview:large","max-video-preview":"max-video-preview:-1"},"canonical":"https:\/\/www.synthec.com\/ecuador\/como-comprar\/","og_locale":"es_ES","og_type":"article","og_title":"\u00bfC\u00f3mo comprar en Synthec? - Synthec.com","og_description":"HAZ TU COMPRA DE MANERA F\u00c1CIL, R\u00c1PIDA Y 100% SEGURA En Synthec siempre podr\u00e1s realizar compras de manera f\u00e1cil, r\u00e1pida y 100% segura. Para realizar tu compra solo seguir estos 5 simples pasos:","og_url":"https:\/\/www.synthec.com\/ecuador\/como-comprar\/","og_site_name":"Synthec.com","article_modified_time":"2023-09-08T23:50:27+00:00","twitter_card":"summary_large_image","twitter_misc":{"Est. reading time":"2 minutos"},"schema":{"@context":"https:\/\/schema.org","@graph":[{"@type":"WebPage","@id":"https:\/\/www.synthec.com\/ecuador\/como-comprar\/","url":"https:\/\/www.synthec.com\/ecuador\/como-comprar\/","name":"\u00bfC\u00f3mo comprar en Synthec? - Synthec.com","isPartOf":{"@id":"https:\/\/www.synthec.com\/ecuador\/#website"},"datePublished":"2023-04-19T23:07:45+00:00","dateModified":"2023-09-08T23:50:27+00:00","breadcrumb":{"@id":"https:\/\/www.synthec.com\/ecuador\/como-comprar\/#breadcrumb"},"inLanguage":"es-PE","potentialAction":[{"@type":"ReadAction","target":["https:\/\/www.synthec.com\/ecuador\/como-comprar\/"]}]},{"@type":"BreadcrumbList","@id":"https:\/\/www.synthec.com\/ecuador\/como-comprar\/#breadcrumb","itemListElement":[{"@type":"ListItem","position":1,"name":"Home","item":"https:\/\/www.synthec.com\/ecuador\/"},{"@type":"ListItem","position":2,"name":"\u00bfC\u00f3mo comprar en Synthec?"}]},{"@type":"WebSite","@id":"https:\/\/www.synthec.com\/ecuador\/#website","url":"https:\/\/www.synthec.com\/ecuador\/","name":"Synthec.com","description":"Contribuimos con soluciones y productos de alta especialidad a la generaci\u00f3n de un futuro sostenible.","potentialAction":[{"@type":"SearchAction","target":{"@type":"EntryPoint","urlTemplate":"https:\/\/www.synthec.com\/ecuador\/?s={search_term_string}"},"query-input":{"@type":"PropertyValueSpecification","valueRequired":true,"valueName":"search_term_string"}}],"inLanguage":"es-PE"}]}},"_links":{"self":[{"href":"https:\/\/www.synthec.com\/ecuador\/wp-json\/wp\/v2\/pages\/2","targetHints":{"allow":["GET"]}}],"collection":[{"href":"https:\/\/www.synthec.com\/ecuador\/wp-json\/wp\/v2\/pages"}],"about":[{"href":"https:\/\/www.synthec.com\/ecuador\/wp-json\/wp\/v2\/types\/page"}],"author":[{"embeddable":true,"href":"https:\/\/www.synthec.com\/ecuador\/wp-json\/wp\/v2\/users\/1"}],"replies":[{"embeddable":true,"href":"https:\/\/www.synthec.com\/ecuador\/wp-json\/wp\/v2\/comments?post=2"}],"version-history":[{"count":0,"href":"https:\/\/www.synthec.com\/ecuador\/wp-json\/wp\/v2\/pages\/2\/revisions"}],"wp:attachment":[{"href":"https:\/\/www.synthec.com\/ecuador\/wp-json\/wp\/v2\/media?parent=2"}],"curies":[{"name":"wp","href":"https:\/\/api.w.org\/{rel}","templated":true}]}}